{"id":4724,"date":"2021-05-08T14:43:24","date_gmt":"2021-05-08T12:43:24","guid":{"rendered":"https:\/\/gismedalgerie.dz\/?page_id=48"},"modified":"2021-05-08T14:43:24","modified_gmt":"2021-05-08T12:43:24","slug":"arcgis-developers","status":"publish","type":"page","link":"https:\/\/gismedalgerie.dz\/index.php\/arcgis-developers\/","title":{"rendered":"ArcGIS Developers"},"content":{"rendered":"<p><img decoding=\"async\" src=\"https:\/\/gismedalgerie.dz\/wp-content\/uploads\/elementor\/thumbs\/Developers-p7axiloq69nwtizb7ooxj25gurcdu9x81soddznilk.png\" title=\"Developers\" alt=\"Developers\" \/><\/p>\n<h2>ArcGIS Developers<\/h2>\n<p>La plateforme cartographique et d&#8217;analyse la plus compl\u00e8te pour les d\u00e9veloppeurs<\/p>\n<p>\t\t\t\t\t\t\t\t\t\t\t\t\t\t\t<img loading=\"lazy\" decoding=\"async\" width=\"1024\" height=\"753\" src=\"https:\/\/gismedalgerie.dz\/wp-content\/uploads\/2021\/05\/overview-banner-1024x753.png\" alt=\"\" loading=\"lazy\" srcset=\"https:\/\/gismedalgerie.dz\/wp-content\/uploads\/2021\/05\/overview-banner-1024x753.png 1024w, https:\/\/gismedalgerie.dz\/wp-content\/uploads\/2021\/05\/overview-banner-300x221.png 300w, https:\/\/gismedalgerie.dz\/wp-content\/uploads\/2021\/05\/overview-banner-768x565.png 768w, https:\/\/gismedalgerie.dz\/wp-content\/uploads\/2021\/05\/overview-banner.png 1175w\" sizes=\"auto, (max-width: 1024px) 100vw, 1024px\" \/><br \/>\n\t\t\t\t\t\t\t\t\t\t\t\t\t\t\t<img loading=\"lazy\" decoding=\"async\" width=\"110\" height=\"110\" src=\"https:\/\/gismedalgerie.dz\/wp-content\/uploads\/2021\/05\/icone-speed_2.png\" alt=\"\" loading=\"lazy\" \/><\/p>\n<h5>Haute performance<br \/>\n<\/h5>\n<p>Affichage acc\u00e9l\u00e9r\u00e9 par traitement graphique et analyse c\u00f4t\u00e9 client.<\/p>\n<p>\t\t\t\t\t\t\t\t\t\t\t\t\t\t\t<img loading=\"lazy\" decoding=\"async\" width=\"110\" height=\"110\" src=\"https:\/\/gismedalgerie.dz\/wp-content\/uploads\/2021\/05\/icone-performance.png\" alt=\"\" loading=\"lazy\" \/><\/p>\n<h5>Facilit\u00e9 d&#8217;utilisation<br \/>\n<\/h5>\n<p>Int\u00e9grez des cartes et du g\u00e9ocodage \u00e0 vos applications en quelques lignes de code.<\/p>\n<p>\t\t\t\t\t\t\t\t\t\t\t\t\t\t\t<img loading=\"lazy\" decoding=\"async\" width=\"110\" height=\"110\" src=\"https:\/\/gismedalgerie.dz\/wp-content\/uploads\/2021\/05\/icone-secure.png\" alt=\"\" loading=\"lazy\" \/><\/p>\n<h5>Confidentialit\u00e9 et s\u00e9curit\u00e9<\/h5>\n<p>\t\tH\u00e9bergez vos donn\u00e9es et vos applications en toute s\u00e9curit\u00e9 dans le cloud ou derri\u00e8re votre pare-feu.<br \/>\n\t\t\t\t\t\t\t\t\t\t\t\t\t\t\t<img loading=\"lazy\" decoding=\"async\" width=\"110\" height=\"110\" src=\"https:\/\/gismedalgerie.dz\/wp-content\/uploads\/2021\/05\/icone-prix.png\" alt=\"\" loading=\"lazy\" \/><\/p>\n<h5>Tarification abordable<\/h5>\n<p>Commencez gratuitement et payez plus tard pour d\u2019autres services.<\/p>\n<p>\t\t\t<iframe title=\"Build Powerful Mapping Solutions with ArcGIS for Developers\" width=\"1290\" height=\"726\" src=\"https:\/\/www.youtube.com\/embed\/AMXeD5f36Os?feature=oembed\" frameborder=\"0\" allow=\"accelerometer; autoplay; clipboard-write; encrypted-media; gyroscope; picture-in-picture\" allowfullscreen><\/iframe><svg  width=\"30\" height=\"30\" viewBox=\"0 0 32 32\"  fill=\"\" style=\"color:;\" ><path d=\"M10.688 7.354l14.625 9.313-14.625 9.313v-18.625z\"><\/path><\/svg><svg  width=\"30\" height=\"30\" viewBox=\"0 0 32 32\"  fill=\"#fff\" style=\"color:#fff;\" ><path d=\"M10.688 7.354l14.625 9.313-14.625 9.313v-18.625z\"><\/path><\/svg><\/p>\n<h6>Cr\u00e9er des solutions de cartographie performantes avec ArcGIS Developers<\/h6>\n<p>ArcGIS\u00a0Developers propose une suite compl\u00e8te d\u2019outils et de services de localisation \u00e0 destination des d\u00e9veloppeurs et permettant de cr\u00e9er des solutions de cartographie et d\u2019analyse qui r\u00e9pondent \u00e0 vos besoins m\u00e9tier. Utilisez les API ArcGIS pour cr\u00e9er des applications g\u00e9ographiques Web et natives fiables pour le Web, les ordinateurs de bureau et les appareils mobiles. Cr\u00e9ez, g\u00e9rez et d\u00e9ployez des applications en utilisant uniquement les outils dont vous avez besoin, \u00e0 des tarifs adapt\u00e9s \u00e0 vos besoins particuliers.<\/p>\n<h2>Code TheMap<\/h2>\n<p>D\u00e9couvrez notre nouveau blog enti\u00e8rement consacr\u00e9 au d\u00e9veloppement d&#8217;applications sur les technologies Esri. Abonnez-vous et restez inform\u00e9s de toute l&#8217;actualit\u00e9 propos\u00e9es aux d\u00e9veloppeurs qui souhaitent ajouter la dimension g\u00e9ographique \u00e0 leurs r\u00e9alisations.<\/p>\n<p>\t\t\t<a href=\"https:\/\/www.codethemap.fr\/\" role=\"button\"><br \/>\n\t\t\t\t\t\tVisitez le blog CodeTheMap \u2192<br \/>\n\t\t\t\t\t<\/a><\/p>\n<p>Nous avons cr\u00e9\u00e9 une nouvelle exp\u00e9rience pour la communaut\u00e9 de d\u00e9veloppeurs con\u00e7ue pour \u00eatre simple et flexible tout en vous donnant acc\u00e8s au logiciel et aux ressources dont vous avez besoin pour r\u00e9ussir avec la plateforme ArcGIS. L&#8217;adh\u00e9sion au programme vous aide \u00e0 cr\u00e9er, g\u00e9rer et d\u00e9ployer vos applications aussi rapidement que possible.<\/p>\n<p>\t\t\t\t\t\t\t\t\t\t\t\t\t\t\t<img loading=\"lazy\" decoding=\"async\" width=\"1024\" height=\"548\" src=\"https:\/\/gismedalgerie.dz\/wp-content\/uploads\/2021\/05\/devices_2-1024x548.png\" alt=\"\" loading=\"lazy\" srcset=\"https:\/\/gismedalgerie.dz\/wp-content\/uploads\/2021\/05\/devices_2-1024x548.png 1024w, https:\/\/gismedalgerie.dz\/wp-content\/uploads\/2021\/05\/devices_2-300x161.png 300w, https:\/\/gismedalgerie.dz\/wp-content\/uploads\/2021\/05\/devices_2-768x411.png 768w, https:\/\/gismedalgerie.dz\/wp-content\/uploads\/2021\/05\/devices_2.png 1400w\" sizes=\"auto, (max-width: 1024px) 100vw, 1024px\" \/><\/p>\n<h2>Les b\u00e9n\u00e9fices de ce programme<\/h2>\n<p>En tant que membre du programme d\u00e9veloppeur ArcGIS,<br \/>vous disposez d&#8217;un acc\u00e8s gratuit aux ressources suivantes :<\/p>\n<p>\t\t\t\t\t\t\t\t\t\t\t\t\t\t\t<img loading=\"lazy\" decoding=\"async\" width=\"83\" height=\"81\" src=\"https:\/\/gismedalgerie.dz\/wp-content\/uploads\/2021\/05\/apps.gif\" alt=\"\" loading=\"lazy\" \/><\/p>\n<p>Cr\u00e9dits pour d\u00e9velopper<br \/>et tester vos applications<\/p>\n<p>\t\t\t\t\t\t\t\t\t\t\t\t\t\t\t<img loading=\"lazy\" decoding=\"async\" width=\"83\" height=\"81\" src=\"https:\/\/gismedalgerie.dz\/wp-content\/uploads\/2021\/05\/builder.gif\" alt=\"\" loading=\"lazy\" \/><\/p>\n<p>G\u00e9n\u00e9rateur d\u2019applications online<\/p>\n<p>\t\t\t\t\t\t\t\t\t\t\t\t\t\t\t<img loading=\"lazy\" decoding=\"async\" width=\"83\" height=\"81\" src=\"https:\/\/gismedalgerie.dz\/wp-content\/uploads\/2021\/05\/github.gif\" alt=\"\" loading=\"lazy\" \/><\/p>\n<p>Une grande communaut\u00e9 de d\u00e9veloppeurs<br \/>g\u00e9ospatial pour communiquer et collaborer<br \/>sur les blogs, les forums et GitHub<\/p>\n<p>\t\t\t\t\t\t\t\t\t\t\t\t\t\t\t<img loading=\"lazy\" decoding=\"async\" width=\"83\" height=\"81\" src=\"https:\/\/gismedalgerie.dz\/wp-content\/uploads\/2021\/05\/api.gif\" alt=\"\" loading=\"lazy\" \/><\/p>\n<p>API et SDK Web<br \/>et clients natifs<\/p>\n<p>\t\t\t\t\t\t\t\t\t\t\t\t\t\t\t<img loading=\"lazy\" decoding=\"async\" width=\"83\" height=\"81\" src=\"https:\/\/gismedalgerie.dz\/wp-content\/uploads\/2021\/05\/conceptual.gif\" alt=\"\" loading=\"lazy\" \/><\/p>\n<p>Concepts, Documentations<br \/>des API et une vaste librairie<br \/>d\u2019exemples de d\u00e9veloppement<\/p>\n<p>\t\t\t\t\t\t\t\t\t\t\t\t\t\t\t<img loading=\"lazy\" decoding=\"async\" width=\"83\" height=\"81\" src=\"https:\/\/gismedalgerie.dz\/wp-content\/uploads\/2021\/05\/eac.gif\" alt=\"\" loading=\"lazy\" \/><\/p>\n<p>Logiciels en Beta et Programme \u00ab Early Adopter Community<br \/>(EAC) \u00bb<\/p>\n<p>\t\t\t<a href=\"https:\/\/developers.arcgis.com\/\" role=\"button\"><br \/>\n\t\t\t\t\t\t D\u00e9couvrez en d\u00e9tail ce programme \u2192<br \/>\n\t\t\t\t\t<\/a><\/p>\n<h2>Une question ?<br \/>\n<\/h2>\n<h2>Besoin de plus de pr\u00e9cisions ?<\/h2>\n<p>\t\t\t<a href=\"https:\/\/gismedalgerie.dz\/contact\/\" role=\"button\"><br \/>\n\t\t\t\t\t\tContactez-nous<br \/>\n\t\t\t\t\t<\/a><\/p>\n","protected":false},"excerpt":{"rendered":"<p>ArcGIS Developers La plateforme cartographique et d&#8217;analyse la plus compl\u00e8te pour les d\u00e9veloppeurs Haute performance Affichage acc\u00e9l\u00e9r\u00e9 par traitement graphique et analyse c\u00f4t\u00e9 client. Facilit\u00e9 d&#8217;utilisation Int\u00e9grez des cartes et du g\u00e9ocodage \u00e0 vos applications en quelques lignes de code. Confidentialit\u00e9 et s\u00e9curit\u00e9 H\u00e9bergez vos donn\u00e9es et vos applications en toute s\u00e9curit\u00e9 dans le cloud [&hellip;]<\/p>\n","protected":false},"author":1,"featured_media":0,"parent":0,"menu_order":0,"comment_status":"closed","ping_status":"closed","template":"","meta":{"footnotes":""},"class_list":["post-4724","page","type-page","status-publish","hentry"],"blocksy_meta":{"styles_descriptor":{"styles":{"desktop":"","tablet":"","mobile":""},"google_fonts":[]}},"yoast_head":"<!-- This site is optimized with the Yoast SEO plugin v25.3 - https:\/\/yoast.com\/wordpress\/plugins\/seo\/ -->\n<title>ArcGIS Developers - Gismed spa<\/title>\n<meta name=\"robots\" content=\"index, follow, max-snippet:-1, max-image-preview:large, max-video-preview:-1\" \/>\n<link rel=\"canonical\" href=\"https:\/\/gismedalgerie.dz\/index.php\/arcgis-developers\/\" \/>\n<meta property=\"og:locale\" content=\"fr_FR\" \/>\n<meta property=\"og:type\" content=\"article\" \/>\n<meta property=\"og:title\" content=\"ArcGIS Developers - Gismed spa\" \/>\n<meta property=\"og:description\" content=\"ArcGIS Developers La plateforme cartographique et d&#8217;analyse la plus compl\u00e8te pour les d\u00e9veloppeurs Haute performance Affichage acc\u00e9l\u00e9r\u00e9 par traitement graphique et analyse c\u00f4t\u00e9 client. Facilit\u00e9 d&#8217;utilisation Int\u00e9grez des cartes et du g\u00e9ocodage \u00e0 vos applications en quelques lignes de code. Confidentialit\u00e9 et s\u00e9curit\u00e9 H\u00e9bergez vos donn\u00e9es et vos applications en toute s\u00e9curit\u00e9 dans le cloud [&hellip;]\" \/>\n<meta property=\"og:url\" content=\"https:\/\/gismedalgerie.dz\/index.php\/arcgis-developers\/\" \/>\n<meta property=\"og:site_name\" content=\"Gismed spa\" \/>\n<meta property=\"og:image\" content=\"https:\/\/gismedalgerie.dz\/wp-content\/uploads\/elementor\/thumbs\/Developers-p7axiloq69nwtizb7ooxj25gurcdu9x81soddznilk.png\" \/>\n<meta name=\"twitter:card\" content=\"summary_large_image\" \/>\n<meta name=\"twitter:label1\" content=\"Dur\u00e9e de lecture estim\u00e9e\" \/>\n\t<meta name=\"twitter:data1\" content=\"2 minutes\" \/>\n<script type=\"application\/ld+json\" class=\"yoast-schema-graph\">{\"@context\":\"https:\/\/schema.org\",\"@graph\":[{\"@type\":\"WebPage\",\"@id\":\"https:\/\/gismedalgerie.dz\/index.php\/arcgis-developers\/\",\"url\":\"https:\/\/gismedalgerie.dz\/index.php\/arcgis-developers\/\",\"name\":\"ArcGIS Developers - Gismed spa\",\"isPartOf\":{\"@id\":\"https:\/\/gismedalgerie.dz\/#website\"},\"primaryImageOfPage\":{\"@id\":\"https:\/\/gismedalgerie.dz\/index.php\/arcgis-developers\/#primaryimage\"},\"image\":{\"@id\":\"https:\/\/gismedalgerie.dz\/index.php\/arcgis-developers\/#primaryimage\"},\"thumbnailUrl\":\"https:\/\/gismedalgerie.dz\/wp-content\/uploads\/elementor\/thumbs\/Developers-p7axiloq69nwtizb7ooxj25gurcdu9x81soddznilk.png\",\"datePublished\":\"2021-05-08T12:43:24+00:00\",\"breadcrumb\":{\"@id\":\"https:\/\/gismedalgerie.dz\/index.php\/arcgis-developers\/#breadcrumb\"},\"inLanguage\":\"fr-FR\",\"potentialAction\":[{\"@type\":\"ReadAction\",\"target\":[\"https:\/\/gismedalgerie.dz\/index.php\/arcgis-developers\/\"]}]},{\"@type\":\"ImageObject\",\"inLanguage\":\"fr-FR\",\"@id\":\"https:\/\/gismedalgerie.dz\/index.php\/arcgis-developers\/#primaryimage\",\"url\":\"https:\/\/gismedalgerie.dz\/wp-content\/uploads\/elementor\/thumbs\/Developers-p7axiloq69nwtizb7ooxj25gurcdu9x81soddznilk.png\",\"contentUrl\":\"https:\/\/gismedalgerie.dz\/wp-content\/uploads\/elementor\/thumbs\/Developers-p7axiloq69nwtizb7ooxj25gurcdu9x81soddznilk.png\"},{\"@type\":\"BreadcrumbList\",\"@id\":\"https:\/\/gismedalgerie.dz\/index.php\/arcgis-developers\/#breadcrumb\",\"itemListElement\":[{\"@type\":\"ListItem\",\"position\":1,\"name\":\"Accueil\",\"item\":\"https:\/\/gismedalgerie.dz\/\"},{\"@type\":\"ListItem\",\"position\":2,\"name\":\"ArcGIS Developers\"}]},{\"@type\":\"WebSite\",\"@id\":\"https:\/\/gismedalgerie.dz\/#website\",\"url\":\"https:\/\/gismedalgerie.dz\/\",\"name\":\"Gismed spa\",\"description\":\"\",\"potentialAction\":[{\"@type\":\"SearchAction\",\"target\":{\"@type\":\"EntryPoint\",\"urlTemplate\":\"https:\/\/gismedalgerie.dz\/?s={search_term_string}\"},\"query-input\":{\"@type\":\"PropertyValueSpecification\",\"valueRequired\":true,\"valueName\":\"search_term_string\"}}],\"inLanguage\":\"fr-FR\"}]}<\/script>\n<!-- \/ Yoast SEO plugin. -->","yoast_head_json":{"title":"ArcGIS Developers - Gismed spa","robots":{"index":"index","follow":"follow","max-snippet":"max-snippet:-1","max-image-preview":"max-image-preview:large","max-video-preview":"max-video-preview:-1"},"canonical":"https:\/\/gismedalgerie.dz\/index.php\/arcgis-developers\/","og_locale":"fr_FR","og_type":"article","og_title":"ArcGIS Developers - Gismed spa","og_description":"ArcGIS Developers La plateforme cartographique et d&#8217;analyse la plus compl\u00e8te pour les d\u00e9veloppeurs Haute performance Affichage acc\u00e9l\u00e9r\u00e9 par traitement graphique et analyse c\u00f4t\u00e9 client. Facilit\u00e9 d&#8217;utilisation Int\u00e9grez des cartes et du g\u00e9ocodage \u00e0 vos applications en quelques lignes de code. Confidentialit\u00e9 et s\u00e9curit\u00e9 H\u00e9bergez vos donn\u00e9es et vos applications en toute s\u00e9curit\u00e9 dans le cloud [&hellip;]","og_url":"https:\/\/gismedalgerie.dz\/index.php\/arcgis-developers\/","og_site_name":"Gismed spa","og_image":[{"url":"https:\/\/gismedalgerie.dz\/wp-content\/uploads\/elementor\/thumbs\/Developers-p7axiloq69nwtizb7ooxj25gurcdu9x81soddznilk.png","type":"","width":"","height":""}],"twitter_card":"summary_large_image","twitter_misc":{"Dur\u00e9e de lecture estim\u00e9e":"2 minutes"},"schema":{"@context":"https:\/\/schema.org","@graph":[{"@type":"WebPage","@id":"https:\/\/gismedalgerie.dz\/index.php\/arcgis-developers\/","url":"https:\/\/gismedalgerie.dz\/index.php\/arcgis-developers\/","name":"ArcGIS Developers - Gismed spa","isPartOf":{"@id":"https:\/\/gismedalgerie.dz\/#website"},"primaryImageOfPage":{"@id":"https:\/\/gismedalgerie.dz\/index.php\/arcgis-developers\/#primaryimage"},"image":{"@id":"https:\/\/gismedalgerie.dz\/index.php\/arcgis-developers\/#primaryimage"},"thumbnailUrl":"https:\/\/gismedalgerie.dz\/wp-content\/uploads\/elementor\/thumbs\/Developers-p7axiloq69nwtizb7ooxj25gurcdu9x81soddznilk.png","datePublished":"2021-05-08T12:43:24+00:00","breadcrumb":{"@id":"https:\/\/gismedalgerie.dz\/index.php\/arcgis-developers\/#breadcrumb"},"inLanguage":"fr-FR","potentialAction":[{"@type":"ReadAction","target":["https:\/\/gismedalgerie.dz\/index.php\/arcgis-developers\/"]}]},{"@type":"ImageObject","inLanguage":"fr-FR","@id":"https:\/\/gismedalgerie.dz\/index.php\/arcgis-developers\/#primaryimage","url":"https:\/\/gismedalgerie.dz\/wp-content\/uploads\/elementor\/thumbs\/Developers-p7axiloq69nwtizb7ooxj25gurcdu9x81soddznilk.png","contentUrl":"https:\/\/gismedalgerie.dz\/wp-content\/uploads\/elementor\/thumbs\/Developers-p7axiloq69nwtizb7ooxj25gurcdu9x81soddznilk.png"},{"@type":"BreadcrumbList","@id":"https:\/\/gismedalgerie.dz\/index.php\/arcgis-developers\/#breadcrumb","itemListElement":[{"@type":"ListItem","position":1,"name":"Accueil","item":"https:\/\/gismedalgerie.dz\/"},{"@type":"ListItem","position":2,"name":"ArcGIS Developers"}]},{"@type":"WebSite","@id":"https:\/\/gismedalgerie.dz\/#website","url":"https:\/\/gismedalgerie.dz\/","name":"Gismed spa","description":"","potentialAction":[{"@type":"SearchAction","target":{"@type":"EntryPoint","urlTemplate":"https:\/\/gismedalgerie.dz\/?s={search_term_string}"},"query-input":{"@type":"PropertyValueSpecification","valueRequired":true,"valueName":"search_term_string"}}],"inLanguage":"fr-FR"}]}},"_links":{"self":[{"href":"https:\/\/gismedalgerie.dz\/index.php\/wp-json\/wp\/v2\/pages\/4724","targetHints":{"allow":["GET"]}}],"collection":[{"href":"https:\/\/gismedalgerie.dz\/index.php\/wp-json\/wp\/v2\/pages"}],"about":[{"href":"https:\/\/gismedalgerie.dz\/index.php\/wp-json\/wp\/v2\/types\/page"}],"author":[{"embeddable":true,"href":"https:\/\/gismedalgerie.dz\/index.php\/wp-json\/wp\/v2\/users\/1"}],"replies":[{"embeddable":true,"href":"https:\/\/gismedalgerie.dz\/index.php\/wp-json\/wp\/v2\/comments?post=4724"}],"version-history":[{"count":0,"href":"https:\/\/gismedalgerie.dz\/index.php\/wp-json\/wp\/v2\/pages\/4724\/revisions"}],"wp:attachment":[{"href":"https:\/\/gismedalgerie.dz\/index.php\/wp-json\/wp\/v2\/media?parent=4724"}],"curies":[{"name":"wp","href":"https:\/\/api.w.org\/{rel}","templated":true}]}}