{"id":4495,"date":"2021-06-09T12:03:25","date_gmt":"2021-06-09T10:03:25","guid":{"rendered":"https:\/\/gismedalgerie.dz\/?page_id=4495"},"modified":"2021-06-09T12:03:25","modified_gmt":"2021-06-09T10:03:25","slug":"programme-de-maintenance","status":"publish","type":"page","link":"https:\/\/gismedalgerie.dz\/index.php\/programme-de-maintenance\/","title":{"rendered":"Programme de maintenance"},"content":{"rendered":"<h1>Programme de maintenance<br \/>\nEsri Gismed<\/h1>\n<p>Obtenez encore plus d&#8217;ArcGIS<\/p>\n<p>Lorsque vous avez quelque chose de pr\u00e9cieux, vous en prenez soin. Le programme de maintenance Esri Gismed\u00a0 vous aide \u00e0 g\u00e9rer et valoriser votre investissement ArcGIS et \u00e0 en tirer le meilleur parti.<\/p>\n<h2>Ce que vous procure le programme de maintenance Esri Gismed<\/h2>\n<p>Pendant une p\u00e9riode d\u00e9finie (1 an minimum), vous disposez des \u00e9volutions, corrections et services de support pour les logiciels Esri concern\u00e9s. Chaque licence ArcGIS dispose d&#8217;une p\u00e9riode de garantie d&#8217;un an durant laquelle vous profitez automatiquement de tous les avantages du contrat de maintenance propos\u00e9 par Esri France. Le contrat de maintenance Esri France, c&#8217;est plus de souplesse, de s\u00e9curit\u00e9 et de s\u00e9r\u00e9nit\u00e9 dans la gestion de votre plateforme ArcGIS. Ce programme de maintenance est un v\u00e9ritable partenariat qui int\u00e8gre :<\/p>\n<p>\t\t\t\t\t\t\t\t\t\t\t\t\t\t\t<img loading=\"lazy\" decoding=\"async\" width=\"77\" height=\"77\" src=\"https:\/\/gismedalgerie.dz\/wp-content\/uploads\/2021\/06\/maintenancepage_081.png\" alt=\"\" loading=\"lazy\" \/><\/p>\n<h5>+ de valeur<\/h5>\n<p>Avec chaque licence Desktop<strong>*<\/strong>, vous b\u00e9n\u00e9ficiez d&#8217;un acc\u00e8s \u00e0 :<\/p>\n<ul>\n<li>ArcGIS Online pour cr\u00e9er votre portail cartographique, l&#8217;administrer ou tout simplement le faire vivre<\/li>\n<li>ArcGIS Pro qui vous initie \u00e0 une nouvelle fa\u00e7on de travailler en 2D et en 3D. Vous b\u00e9n\u00e9ficiez \u00e9galement des nouvelles versions disponibles en t\u00e9l\u00e9chargement d\u00e8s leur sortie<\/li>\n<\/ul>\n<p>\t\t\t\t\t\t\t\t\t\t\t\t\t\t\t<img loading=\"lazy\" decoding=\"async\" width=\"77\" height=\"77\" src=\"https:\/\/gismedalgerie.dz\/wp-content\/uploads\/2021\/06\/maintenancepage_191.png\" alt=\"\" loading=\"lazy\" \/><\/p>\n<h5>+ de support<\/h5>\n<p>\u00a0<\/p>\n<ul>\n<li>Le programme de maintenance Esri vous procure pendant sa dur\u00e9e un acc\u00e8s illimit\u00e9 \u00e0 notre \u00e9quipe support constitu\u00e9e de 15 analystes experts, et ce, par t\u00e9l\u00e9phone ou par e-mail.<\/li>\n<\/ul>\n<p>\t\t\t\t\t\t\t\t\t\t\t\t\t\t\t<img loading=\"lazy\" decoding=\"async\" width=\"77\" height=\"77\" src=\"https:\/\/gismedalgerie.dz\/wp-content\/uploads\/2021\/06\/maintenancepage_101.png\" alt=\"\" loading=\"lazy\" \/><\/p>\n<h5>+ de ma\u00eetrise<\/h5>\n<ul>\n<li>Des conditions financi\u00e8res garanties <strong>**<\/strong><\/li>\n<li>Les co\u00fbts d\u2019acquisitions des upgrades sont largement r\u00e9duits<\/li>\n<li>Les affectations budg\u00e9taires se font sur les budgets de fonctionnement et non pas sur l\u2019investissement<\/li>\n<\/ul>\n<p>\t\t\t\t\t\t\t\t\t\t\t\t\t\t\t<img loading=\"lazy\" decoding=\"async\" width=\"77\" height=\"77\" src=\"https:\/\/gismedalgerie.dz\/wp-content\/uploads\/2021\/06\/maintenance_whats-included_elearning_icon.png\" alt=\"\" loading=\"lazy\" \/><\/p>\n<h5>+ de contenus<\/h5>\n<p>Acc\u00e8s constant \u00e0 la plateforme ArcGIS Compl\u00e9tez votre travail SIG avec des applications et le partage d&#8217;ArcGIS Online, ainsi que des images, des cartes de base et des donn\u00e9es d\u00e9mographiques de l&#8217;Atlas vivant du monde.<\/p>\n<p>\t\t\t\t\t\t\t\t\t\t\t\t\t\t\t<img loading=\"lazy\" decoding=\"async\" width=\"77\" height=\"77\" src=\"https:\/\/gismedalgerie.dz\/wp-content\/uploads\/2021\/06\/maintenance_whats-included_beta_icon.png\" alt=\"\" loading=\"lazy\" \/><\/p>\n<h5>+ de Priorit\u00e9<\/h5>\n<p>Soyez parmi les premiers clients \u00e0 avoir pr\u00e9visualis\u00e9 et test\u00e9 le logiciel Esri lorsqu&#8217;il est en version b\u00eata &#8230; avant la version g\u00e9n\u00e9rale. B\u00e9n\u00e9ficiez d&#8217;une notification avanc\u00e9e lorsque Esri propose des promotions de logiciels.<\/p>\n<p>\t\t\t\t\t\t\t\t\t\t\t\t\t\t\t<img loading=\"lazy\" decoding=\"async\" width=\"77\" height=\"77\" src=\"https:\/\/gismedalgerie.dz\/wp-content\/uploads\/2021\/06\/maintenancepage_051.png\" alt=\"\" loading=\"lazy\" \/><\/p>\n<h5>+ d&#8217;acc\u00e8s<\/h5>\n<p>et pour finir, des invitations gratuites<strong>***<\/strong> pour participer :<\/p>\n<ul>\n<li>\u00e0 notre conf\u00e9rence francophone annuelle<\/li>\n<li>\u00e0 la conf\u00e9rence internationale Esri<\/li>\n<\/ul>\n<blockquote>\n<p><em>*b\u00e9n\u00e9ficiant du programme de maintenance<br \/>**pendant la dur\u00e9e du contrat<br \/>***Nombre calcul\u00e9 en fonction du type et de la quantit\u00e9 de logiciels Esri sous maintenance au moment de l\u2019inscription.<\/em><\/p>\n<\/blockquote>\n<h1>Comment souscrire ?<\/h1>\n<p>Notre \u00e9quipe d\u00e9di\u00e9e est \u00e0 votre disposition pour vous renseigner et vous aider dans la mise en place de ce programme.<\/p>\n<p>Contactez-nous par t\u00e9l\u00e9phone : +213 (0) 023 13 58 44 \/ 023 13 58 44 45 \/ 023 13 58 43 \/ 023 13 58 32 \/ 0661 70 33 02<\/p>\n<p>Ou \u00e0 l&#8217;aide de ce formulaire<\/p>\n<p>[wpforms id=&#8221;2349&#8243; title=&#8221;false&#8221; description=&#8221;false&#8221;]<\/p>\n","protected":false},"excerpt":{"rendered":"<p>Programme de maintenance Esri Gismed Obtenez encore plus d&#8217;ArcGIS Lorsque vous avez quelque chose de pr\u00e9cieux, vous en prenez soin. Le programme de maintenance Esri Gismed\u00a0 vous aide \u00e0 g\u00e9rer et valoriser votre investissement ArcGIS et \u00e0 en tirer le meilleur parti. Ce que vous procure le programme de maintenance Esri Gismed Pendant une p\u00e9riode [&hellip;]<\/p>\n","protected":false},"author":1,"featured_media":0,"parent":0,"menu_order":0,"comment_status":"closed","ping_status":"closed","template":"","meta":{"footnotes":""},"class_list":["post-4495","page","type-page","status-publish","hentry"],"blocksy_meta":{"styles_descriptor":{"styles":{"desktop":"","tablet":"","mobile":""},"google_fonts":[]}},"yoast_head":"<!-- This site is optimized with the Yoast SEO plugin v25.3 - https:\/\/yoast.com\/wordpress\/plugins\/seo\/ -->\n<title>Programme de maintenance - Gismed spa<\/title>\n<meta name=\"robots\" content=\"index, follow, max-snippet:-1, max-image-preview:large, max-video-preview:-1\" \/>\n<link rel=\"canonical\" href=\"https:\/\/gismedalgerie.dz\/index.php\/programme-de-maintenance\/\" \/>\n<meta property=\"og:locale\" content=\"fr_FR\" \/>\n<meta property=\"og:type\" content=\"article\" \/>\n<meta property=\"og:title\" content=\"Programme de maintenance - Gismed spa\" \/>\n<meta property=\"og:description\" content=\"Programme de maintenance Esri Gismed Obtenez encore plus d&#8217;ArcGIS Lorsque vous avez quelque chose de pr\u00e9cieux, vous en prenez soin. Le programme de maintenance Esri Gismed\u00a0 vous aide \u00e0 g\u00e9rer et valoriser votre investissement ArcGIS et \u00e0 en tirer le meilleur parti. Ce que vous procure le programme de maintenance Esri Gismed Pendant une p\u00e9riode [&hellip;]\" \/>\n<meta property=\"og:url\" content=\"https:\/\/gismedalgerie.dz\/index.php\/programme-de-maintenance\/\" \/>\n<meta property=\"og:site_name\" content=\"Gismed spa\" \/>\n<meta property=\"og:image\" content=\"https:\/\/gismedalgerie.dz\/wp-content\/uploads\/2021\/06\/maintenancepage_081.png\" \/>\n<meta name=\"twitter:card\" content=\"summary_large_image\" \/>\n<meta name=\"twitter:label1\" content=\"Dur\u00e9e de lecture estim\u00e9e\" \/>\n\t<meta name=\"twitter:data1\" content=\"2 minutes\" \/>\n<script type=\"application\/ld+json\" class=\"yoast-schema-graph\">{\"@context\":\"https:\/\/schema.org\",\"@graph\":[{\"@type\":\"WebPage\",\"@id\":\"https:\/\/gismedalgerie.dz\/index.php\/programme-de-maintenance\/\",\"url\":\"https:\/\/gismedalgerie.dz\/index.php\/programme-de-maintenance\/\",\"name\":\"Programme de maintenance - Gismed spa\",\"isPartOf\":{\"@id\":\"https:\/\/gismedalgerie.dz\/#website\"},\"primaryImageOfPage\":{\"@id\":\"https:\/\/gismedalgerie.dz\/index.php\/programme-de-maintenance\/#primaryimage\"},\"image\":{\"@id\":\"https:\/\/gismedalgerie.dz\/index.php\/programme-de-maintenance\/#primaryimage\"},\"thumbnailUrl\":\"https:\/\/gismedalgerie.dz\/wp-content\/uploads\/2021\/06\/maintenancepage_081.png\",\"datePublished\":\"2021-06-09T10:03:25+00:00\",\"breadcrumb\":{\"@id\":\"https:\/\/gismedalgerie.dz\/index.php\/programme-de-maintenance\/#breadcrumb\"},\"inLanguage\":\"fr-FR\",\"potentialAction\":[{\"@type\":\"ReadAction\",\"target\":[\"https:\/\/gismedalgerie.dz\/index.php\/programme-de-maintenance\/\"]}]},{\"@type\":\"ImageObject\",\"inLanguage\":\"fr-FR\",\"@id\":\"https:\/\/gismedalgerie.dz\/index.php\/programme-de-maintenance\/#primaryimage\",\"url\":\"https:\/\/gismedalgerie.dz\/wp-content\/uploads\/2021\/06\/maintenancepage_081.png\",\"contentUrl\":\"https:\/\/gismedalgerie.dz\/wp-content\/uploads\/2021\/06\/maintenancepage_081.png\"},{\"@type\":\"BreadcrumbList\",\"@id\":\"https:\/\/gismedalgerie.dz\/index.php\/programme-de-maintenance\/#breadcrumb\",\"itemListElement\":[{\"@type\":\"ListItem\",\"position\":1,\"name\":\"Accueil\",\"item\":\"https:\/\/gismedalgerie.dz\/\"},{\"@type\":\"ListItem\",\"position\":2,\"name\":\"Programme de maintenance\"}]},{\"@type\":\"WebSite\",\"@id\":\"https:\/\/gismedalgerie.dz\/#website\",\"url\":\"https:\/\/gismedalgerie.dz\/\",\"name\":\"Gismed spa\",\"description\":\"\",\"potentialAction\":[{\"@type\":\"SearchAction\",\"target\":{\"@type\":\"EntryPoint\",\"urlTemplate\":\"https:\/\/gismedalgerie.dz\/?s={search_term_string}\"},\"query-input\":{\"@type\":\"PropertyValueSpecification\",\"valueRequired\":true,\"valueName\":\"search_term_string\"}}],\"inLanguage\":\"fr-FR\"}]}<\/script>\n<!-- \/ Yoast SEO plugin. -->","yoast_head_json":{"title":"Programme de maintenance - Gismed spa","robots":{"index":"index","follow":"follow","max-snippet":"max-snippet:-1","max-image-preview":"max-image-preview:large","max-video-preview":"max-video-preview:-1"},"canonical":"https:\/\/gismedalgerie.dz\/index.php\/programme-de-maintenance\/","og_locale":"fr_FR","og_type":"article","og_title":"Programme de maintenance - Gismed spa","og_description":"Programme de maintenance Esri Gismed Obtenez encore plus d&#8217;ArcGIS Lorsque vous avez quelque chose de pr\u00e9cieux, vous en prenez soin. Le programme de maintenance Esri Gismed\u00a0 vous aide \u00e0 g\u00e9rer et valoriser votre investissement ArcGIS et \u00e0 en tirer le meilleur parti. Ce que vous procure le programme de maintenance Esri Gismed Pendant une p\u00e9riode [&hellip;]","og_url":"https:\/\/gismedalgerie.dz\/index.php\/programme-de-maintenance\/","og_site_name":"Gismed spa","og_image":[{"url":"https:\/\/gismedalgerie.dz\/wp-content\/uploads\/2021\/06\/maintenancepage_081.png","type":"","width":"","height":""}],"twitter_card":"summary_large_image","twitter_misc":{"Dur\u00e9e de lecture estim\u00e9e":"2 minutes"},"schema":{"@context":"https:\/\/schema.org","@graph":[{"@type":"WebPage","@id":"https:\/\/gismedalgerie.dz\/index.php\/programme-de-maintenance\/","url":"https:\/\/gismedalgerie.dz\/index.php\/programme-de-maintenance\/","name":"Programme de maintenance - Gismed spa","isPartOf":{"@id":"https:\/\/gismedalgerie.dz\/#website"},"primaryImageOfPage":{"@id":"https:\/\/gismedalgerie.dz\/index.php\/programme-de-maintenance\/#primaryimage"},"image":{"@id":"https:\/\/gismedalgerie.dz\/index.php\/programme-de-maintenance\/#primaryimage"},"thumbnailUrl":"https:\/\/gismedalgerie.dz\/wp-content\/uploads\/2021\/06\/maintenancepage_081.png","datePublished":"2021-06-09T10:03:25+00:00","breadcrumb":{"@id":"https:\/\/gismedalgerie.dz\/index.php\/programme-de-maintenance\/#breadcrumb"},"inLanguage":"fr-FR","potentialAction":[{"@type":"ReadAction","target":["https:\/\/gismedalgerie.dz\/index.php\/programme-de-maintenance\/"]}]},{"@type":"ImageObject","inLanguage":"fr-FR","@id":"https:\/\/gismedalgerie.dz\/index.php\/programme-de-maintenance\/#primaryimage","url":"https:\/\/gismedalgerie.dz\/wp-content\/uploads\/2021\/06\/maintenancepage_081.png","contentUrl":"https:\/\/gismedalgerie.dz\/wp-content\/uploads\/2021\/06\/maintenancepage_081.png"},{"@type":"BreadcrumbList","@id":"https:\/\/gismedalgerie.dz\/index.php\/programme-de-maintenance\/#breadcrumb","itemListElement":[{"@type":"ListItem","position":1,"name":"Accueil","item":"https:\/\/gismedalgerie.dz\/"},{"@type":"ListItem","position":2,"name":"Programme de maintenance"}]},{"@type":"WebSite","@id":"https:\/\/gismedalgerie.dz\/#website","url":"https:\/\/gismedalgerie.dz\/","name":"Gismed spa","description":"","potentialAction":[{"@type":"SearchAction","target":{"@type":"EntryPoint","urlTemplate":"https:\/\/gismedalgerie.dz\/?s={search_term_string}"},"query-input":{"@type":"PropertyValueSpecification","valueRequired":true,"valueName":"search_term_string"}}],"inLanguage":"fr-FR"}]}},"_links":{"self":[{"href":"https:\/\/gismedalgerie.dz\/index.php\/wp-json\/wp\/v2\/pages\/4495","targetHints":{"allow":["GET"]}}],"collection":[{"href":"https:\/\/gismedalgerie.dz\/index.php\/wp-json\/wp\/v2\/pages"}],"about":[{"href":"https:\/\/gismedalgerie.dz\/index.php\/wp-json\/wp\/v2\/types\/page"}],"author":[{"embeddable":true,"href":"https:\/\/gismedalgerie.dz\/index.php\/wp-json\/wp\/v2\/users\/1"}],"replies":[{"embeddable":true,"href":"https:\/\/gismedalgerie.dz\/index.php\/wp-json\/wp\/v2\/comments?post=4495"}],"version-history":[{"count":0,"href":"https:\/\/gismedalgerie.dz\/index.php\/wp-json\/wp\/v2\/pages\/4495\/revisions"}],"wp:attachment":[{"href":"https:\/\/gismedalgerie.dz\/index.php\/wp-json\/wp\/v2\/media?parent=4495"}],"curies":[{"name":"wp","href":"https:\/\/api.w.org\/{rel}","templated":true}]}}