{"id":2937,"date":"2021-05-27T13:36:05","date_gmt":"2021-05-27T11:36:05","guid":{"rendered":"https:\/\/gismedalgerie.dz\/?page_id=2937"},"modified":"2021-05-27T13:36:05","modified_gmt":"2021-05-27T11:36:05","slug":"production-cartographique","status":"publish","type":"page","link":"https:\/\/gismedalgerie.dz\/index.php\/production-cartographique\/","title":{"rendered":"Production cartographique"},"content":{"rendered":"<p><img loading=\"lazy\" decoding=\"async\" width=\"64\" height=\"64\" src=\"https:\/\/gismedalgerie.dz\/wp-content\/uploads\/2021\/05\/government-national-mapping-and-charting-641.png\" alt=\"\" loading=\"lazy\" \/><\/p>\n<h2>Production cartographique<\/h2>\n<p>Le SIG d&#8217;Esri est utilis\u00e9 par les soci\u00e9t\u00e9s qui produisent des cartes, des plans et des donn\u00e9es, notamment les agences nationales de cartographie et les \u00e9diteurs commerciaux de cartes. Les solutions SIG d&#8217;Esri les aident \u00e0 produire des cartes et des plans topographiques, hydrographiques et a\u00e9ronautiques, ainsi qu\u2019\u00e0 cr\u00e9er et diffuser des donn\u00e9es. Les solutions SIG d&#8217;Esri sont choisies parce qu&#8217;elles peuvent traiter des donn\u00e9es sp\u00e9cifiques et cartographier des produits et des missions individuelles.<br \/>Les solutions SIG d&#8217;Esri rendent le workflow de production de cartes, plans et donn\u00e9es efficace et \u00e9conomique. Elles g\u00e8rent : le recueil, la compilation, la d\u00e9couverte, la v\u00e9rification, la gestion et l&#8217;assurance qualit\u00e9 des donn\u00e9es, ainsi que leur publication et leur diffusion. Elles permettent ainsi une analyse et une visualisation sophistiqu\u00e9es des donn\u00e9es, et le respect des normes en vigueur pour ces op\u00e9rations.<\/p>\n<p><img decoding=\"async\" src=\"https:\/\/www.esrifrance.fr\/iso_icons\/empty.gif\" alt=\"\" width=\"1\" height=\"40\" \/><\/p>\n<h5>Recueillir des donn\u00e9es sources<\/h5>\n<p>\u00a0Les solutions SIG d&#8217;Esri sont dot\u00e9es des outils appropri\u00e9s pour int\u00e9grer les donn\u00e9es dans plusieurs formats, analyser les donn\u00e9es de grille, les mod\u00e8les de terrain et recueillir les donn\u00e9es de terrain \u00e0 partir de p\u00e9riph\u00e9riques portables et mobiles.<\/p>\n<h5>G\u00e9rer des donn\u00e9es<\/h5>\n<p>\u00a0La base de donn\u00e9es doit englober le mod\u00e8le de donn\u00e9es n\u00e9cessaire pour cartographier et pr\u00e9senter sous forme de diagrammes les sp\u00e9cifications d&#8217;une organisation en termes de g\u00e9odonn\u00e9es, produits cartographiques, donn\u00e9es num\u00e9riques et workflows.<\/p>\n<h5>Analyser et produire<\/h5>\n<p>\u00a0Rationalisez vos flux de travail et vos analyses pour produire des cartes et des plans topographiques, hydrographiques et a\u00e9ronautiques.<\/p>\n<h5>Publier et diffuser<\/h5>\n<p>\u00a0Lib\u00e9rez le plein potentiel des donn\u00e9es en travaillant plus intelligemment avec une meilleure collaboration interne et externe.<\/p>\n<h2>Applications sp\u00e9cialis\u00e9es<\/h2>\n<p>\t\t\t\t\t\t\t\t\t\t\t\t\t\t\t<img loading=\"lazy\" decoding=\"async\" width=\"361\" height=\"204\" src=\"https:\/\/gismedalgerie.dz\/wp-content\/uploads\/2021\/05\/app-drone2map.png\" alt=\"\" loading=\"lazy\" srcset=\"https:\/\/gismedalgerie.dz\/wp-content\/uploads\/2021\/05\/app-drone2map.png 361w, https:\/\/gismedalgerie.dz\/wp-content\/uploads\/2021\/05\/app-drone2map-300x170.png 300w\" sizes=\"auto, (max-width: 361px) 100vw, 361px\" \/><\/p>\n<h5>ArcGIS Drone2Map<\/h5>\n<p>Appliquez des capacit\u00e9s de traitement d&#8217;images innovantes &#8211; en quelques minutes &#8211; \u00e0 la t\u00e9l\u00e9d\u00e9tection, \u00e0 la cartographie 2D et 3D.\u00a0<a href=\"https:\/\/www.esrifrance.fr\/drone2map.aspx\" target=\"_blank\" rel=\"noopener\">En savoir plus sur ArcGIS Drone2Map<\/a><br \/>\n\t\t\t\t\t\t\t\t\t\t\t\t\t\t\t<img loading=\"lazy\" decoding=\"async\" width=\"361\" height=\"204\" src=\"https:\/\/gismedalgerie.dz\/wp-content\/uploads\/2021\/05\/app-esri-production-mapping.png\" alt=\"\" loading=\"lazy\" srcset=\"https:\/\/gismedalgerie.dz\/wp-content\/uploads\/2021\/05\/app-esri-production-mapping.png 361w, https:\/\/gismedalgerie.dz\/wp-content\/uploads\/2021\/05\/app-esri-production-mapping-300x170.png 300w\" sizes=\"auto, (max-width: 361px) 100vw, 361px\" \/><\/p>\n<h5>Esri Production Mapping<\/h5>\n<p>Am\u00e9liorez la qualit\u00e9 et la valeur de vos donn\u00e9es g\u00e9ospatiales gr\u00e2ce \u00e0 des flux de production modernes et efficaces.\u00a0<a href=\"https:\/\/www.esri.com\/en-us\/arcgis\/products\/esri-production-mapping\/overview\" target=\"_blank\" rel=\"noopener\">En savoir plus sur Esri Production Mapping<\/a><br \/>\n\t\t\t\t\t\t\t\t\t\t\t\t\t\t\t<img loading=\"lazy\" decoding=\"async\" width=\"361\" height=\"204\" src=\"https:\/\/gismedalgerie.dz\/wp-content\/uploads\/2021\/05\/app-arcgis-open-data.png\" alt=\"\" loading=\"lazy\" srcset=\"https:\/\/gismedalgerie.dz\/wp-content\/uploads\/2021\/05\/app-arcgis-open-data.png 361w, https:\/\/gismedalgerie.dz\/wp-content\/uploads\/2021\/05\/app-arcgis-open-data-300x170.png 300w\" sizes=\"auto, (max-width: 361px) 100vw, 361px\" \/><\/p>\n<h5>ArcGIS Open Data<\/h5>\n<p>\u00a0Les donn\u00e9es ouvertes offrent un moyen de configurer rapidement des sites Web publics o\u00f9 les utilisateurs peuvent facilement rechercher et t\u00e9l\u00e9charger vos donn\u00e9es ouvertes dans diff\u00e9rents formats ouverts.\u00a0<a href=\"https:\/\/www.esrifrance.fr\/ouverture-open-data.aspx\" target=\"_blank\" rel=\"noopener\">En savoir plus sur ArcGIS Open Data<\/a><br \/>\n\t\t\t<a href=\"https:\/\/www.esri.com\/fr-fr\/arcgis\/products\/arcgis-solutions\/overview\" target=\"_blank\" role=\"button\" rel=\"noopener\"><br \/>\n\t\t\t\t\t\t               D\u00e9couvrez toutes les applications<br \/>\n\t\t\t\t\t<\/a><\/p>\n","protected":false},"excerpt":{"rendered":"<p>Production cartographique Le SIG d&#8217;Esri est utilis\u00e9 par les soci\u00e9t\u00e9s qui produisent des cartes, des plans et des donn\u00e9es, notamment les agences nationales de cartographie et les \u00e9diteurs commerciaux de cartes. Les solutions SIG d&#8217;Esri les aident \u00e0 produire des cartes et des plans topographiques, hydrographiques et a\u00e9ronautiques, ainsi qu\u2019\u00e0 cr\u00e9er et diffuser des donn\u00e9es. [&hellip;]<\/p>\n","protected":false},"author":1,"featured_media":0,"parent":0,"menu_order":0,"comment_status":"closed","ping_status":"closed","template":"","meta":{"footnotes":""},"class_list":["post-2937","page","type-page","status-publish","hentry"],"blocksy_meta":{"styles_descriptor":{"styles":{"desktop":"","tablet":"","mobile":""},"google_fonts":[]}},"yoast_head":"<!-- This site is optimized with the Yoast SEO plugin v25.3 - https:\/\/yoast.com\/wordpress\/plugins\/seo\/ -->\n<title>Production cartographique - Gismed spa<\/title>\n<meta name=\"robots\" content=\"index, follow, max-snippet:-1, max-image-preview:large, max-video-preview:-1\" \/>\n<link rel=\"canonical\" href=\"https:\/\/gismedalgerie.dz\/index.php\/production-cartographique\/\" \/>\n<meta property=\"og:locale\" content=\"fr_FR\" \/>\n<meta property=\"og:type\" content=\"article\" \/>\n<meta property=\"og:title\" content=\"Production cartographique - Gismed spa\" \/>\n<meta property=\"og:description\" content=\"Production cartographique Le SIG d&#8217;Esri est utilis\u00e9 par les soci\u00e9t\u00e9s qui produisent des cartes, des plans et des donn\u00e9es, notamment les agences nationales de cartographie et les \u00e9diteurs commerciaux de cartes. Les solutions SIG d&#8217;Esri les aident \u00e0 produire des cartes et des plans topographiques, hydrographiques et a\u00e9ronautiques, ainsi qu\u2019\u00e0 cr\u00e9er et diffuser des donn\u00e9es. [&hellip;]\" \/>\n<meta property=\"og:url\" content=\"https:\/\/gismedalgerie.dz\/index.php\/production-cartographique\/\" \/>\n<meta property=\"og:site_name\" content=\"Gismed spa\" \/>\n<meta property=\"og:image\" content=\"https:\/\/gismedalgerie.dz\/wp-content\/uploads\/2021\/05\/government-national-mapping-and-charting-641.png\" \/>\n<meta name=\"twitter:card\" content=\"summary_large_image\" \/>\n<meta name=\"twitter:label1\" content=\"Dur\u00e9e de lecture estim\u00e9e\" \/>\n\t<meta name=\"twitter:data1\" content=\"2 minutes\" \/>\n<script type=\"application\/ld+json\" class=\"yoast-schema-graph\">{\"@context\":\"https:\/\/schema.org\",\"@graph\":[{\"@type\":\"WebPage\",\"@id\":\"https:\/\/gismedalgerie.dz\/index.php\/production-cartographique\/\",\"url\":\"https:\/\/gismedalgerie.dz\/index.php\/production-cartographique\/\",\"name\":\"Production cartographique - Gismed spa\",\"isPartOf\":{\"@id\":\"https:\/\/gismedalgerie.dz\/#website\"},\"primaryImageOfPage\":{\"@id\":\"https:\/\/gismedalgerie.dz\/index.php\/production-cartographique\/#primaryimage\"},\"image\":{\"@id\":\"https:\/\/gismedalgerie.dz\/index.php\/production-cartographique\/#primaryimage\"},\"thumbnailUrl\":\"https:\/\/gismedalgerie.dz\/wp-content\/uploads\/2021\/05\/government-national-mapping-and-charting-641.png\",\"datePublished\":\"2021-05-27T11:36:05+00:00\",\"breadcrumb\":{\"@id\":\"https:\/\/gismedalgerie.dz\/index.php\/production-cartographique\/#breadcrumb\"},\"inLanguage\":\"fr-FR\",\"potentialAction\":[{\"@type\":\"ReadAction\",\"target\":[\"https:\/\/gismedalgerie.dz\/index.php\/production-cartographique\/\"]}]},{\"@type\":\"ImageObject\",\"inLanguage\":\"fr-FR\",\"@id\":\"https:\/\/gismedalgerie.dz\/index.php\/production-cartographique\/#primaryimage\",\"url\":\"https:\/\/gismedalgerie.dz\/wp-content\/uploads\/2021\/05\/government-national-mapping-and-charting-641.png\",\"contentUrl\":\"https:\/\/gismedalgerie.dz\/wp-content\/uploads\/2021\/05\/government-national-mapping-and-charting-641.png\"},{\"@type\":\"BreadcrumbList\",\"@id\":\"https:\/\/gismedalgerie.dz\/index.php\/production-cartographique\/#breadcrumb\",\"itemListElement\":[{\"@type\":\"ListItem\",\"position\":1,\"name\":\"Accueil\",\"item\":\"https:\/\/gismedalgerie.dz\/\"},{\"@type\":\"ListItem\",\"position\":2,\"name\":\"Production cartographique\"}]},{\"@type\":\"WebSite\",\"@id\":\"https:\/\/gismedalgerie.dz\/#website\",\"url\":\"https:\/\/gismedalgerie.dz\/\",\"name\":\"Gismed spa\",\"description\":\"\",\"potentialAction\":[{\"@type\":\"SearchAction\",\"target\":{\"@type\":\"EntryPoint\",\"urlTemplate\":\"https:\/\/gismedalgerie.dz\/?s={search_term_string}\"},\"query-input\":{\"@type\":\"PropertyValueSpecification\",\"valueRequired\":true,\"valueName\":\"search_term_string\"}}],\"inLanguage\":\"fr-FR\"}]}<\/script>\n<!-- \/ Yoast SEO plugin. -->","yoast_head_json":{"title":"Production cartographique - Gismed spa","robots":{"index":"index","follow":"follow","max-snippet":"max-snippet:-1","max-image-preview":"max-image-preview:large","max-video-preview":"max-video-preview:-1"},"canonical":"https:\/\/gismedalgerie.dz\/index.php\/production-cartographique\/","og_locale":"fr_FR","og_type":"article","og_title":"Production cartographique - Gismed spa","og_description":"Production cartographique Le SIG d&#8217;Esri est utilis\u00e9 par les soci\u00e9t\u00e9s qui produisent des cartes, des plans et des donn\u00e9es, notamment les agences nationales de cartographie et les \u00e9diteurs commerciaux de cartes. Les solutions SIG d&#8217;Esri les aident \u00e0 produire des cartes et des plans topographiques, hydrographiques et a\u00e9ronautiques, ainsi qu\u2019\u00e0 cr\u00e9er et diffuser des donn\u00e9es. [&hellip;]","og_url":"https:\/\/gismedalgerie.dz\/index.php\/production-cartographique\/","og_site_name":"Gismed spa","og_image":[{"url":"https:\/\/gismedalgerie.dz\/wp-content\/uploads\/2021\/05\/government-national-mapping-and-charting-641.png","type":"","width":"","height":""}],"twitter_card":"summary_large_image","twitter_misc":{"Dur\u00e9e de lecture estim\u00e9e":"2 minutes"},"schema":{"@context":"https:\/\/schema.org","@graph":[{"@type":"WebPage","@id":"https:\/\/gismedalgerie.dz\/index.php\/production-cartographique\/","url":"https:\/\/gismedalgerie.dz\/index.php\/production-cartographique\/","name":"Production cartographique - Gismed spa","isPartOf":{"@id":"https:\/\/gismedalgerie.dz\/#website"},"primaryImageOfPage":{"@id":"https:\/\/gismedalgerie.dz\/index.php\/production-cartographique\/#primaryimage"},"image":{"@id":"https:\/\/gismedalgerie.dz\/index.php\/production-cartographique\/#primaryimage"},"thumbnailUrl":"https:\/\/gismedalgerie.dz\/wp-content\/uploads\/2021\/05\/government-national-mapping-and-charting-641.png","datePublished":"2021-05-27T11:36:05+00:00","breadcrumb":{"@id":"https:\/\/gismedalgerie.dz\/index.php\/production-cartographique\/#breadcrumb"},"inLanguage":"fr-FR","potentialAction":[{"@type":"ReadAction","target":["https:\/\/gismedalgerie.dz\/index.php\/production-cartographique\/"]}]},{"@type":"ImageObject","inLanguage":"fr-FR","@id":"https:\/\/gismedalgerie.dz\/index.php\/production-cartographique\/#primaryimage","url":"https:\/\/gismedalgerie.dz\/wp-content\/uploads\/2021\/05\/government-national-mapping-and-charting-641.png","contentUrl":"https:\/\/gismedalgerie.dz\/wp-content\/uploads\/2021\/05\/government-national-mapping-and-charting-641.png"},{"@type":"BreadcrumbList","@id":"https:\/\/gismedalgerie.dz\/index.php\/production-cartographique\/#breadcrumb","itemListElement":[{"@type":"ListItem","position":1,"name":"Accueil","item":"https:\/\/gismedalgerie.dz\/"},{"@type":"ListItem","position":2,"name":"Production cartographique"}]},{"@type":"WebSite","@id":"https:\/\/gismedalgerie.dz\/#website","url":"https:\/\/gismedalgerie.dz\/","name":"Gismed spa","description":"","potentialAction":[{"@type":"SearchAction","target":{"@type":"EntryPoint","urlTemplate":"https:\/\/gismedalgerie.dz\/?s={search_term_string}"},"query-input":{"@type":"PropertyValueSpecification","valueRequired":true,"valueName":"search_term_string"}}],"inLanguage":"fr-FR"}]}},"_links":{"self":[{"href":"https:\/\/gismedalgerie.dz\/index.php\/wp-json\/wp\/v2\/pages\/2937","targetHints":{"allow":["GET"]}}],"collection":[{"href":"https:\/\/gismedalgerie.dz\/index.php\/wp-json\/wp\/v2\/pages"}],"about":[{"href":"https:\/\/gismedalgerie.dz\/index.php\/wp-json\/wp\/v2\/types\/page"}],"author":[{"embeddable":true,"href":"https:\/\/gismedalgerie.dz\/index.php\/wp-json\/wp\/v2\/users\/1"}],"replies":[{"embeddable":true,"href":"https:\/\/gismedalgerie.dz\/index.php\/wp-json\/wp\/v2\/comments?post=2937"}],"version-history":[{"count":0,"href":"https:\/\/gismedalgerie.dz\/index.php\/wp-json\/wp\/v2\/pages\/2937\/revisions"}],"wp:attachment":[{"href":"https:\/\/gismedalgerie.dz\/index.php\/wp-json\/wp\/v2\/media?parent=2937"}],"curies":[{"name":"wp","href":"https:\/\/api.w.org\/{rel}","templated":true}]}}